{"id":14,"date":"2020-11-25T12:51:15","date_gmt":"2020-11-25T11:51:15","guid":{"rendered":"http:\/\/pocsikorsolya.hu\/?page_id=14"},"modified":"2021-09-21T13:25:55","modified_gmt":"2021-09-21T12:25:55","slug":"curriculum-vitae","status":"publish","type":"page","link":"http:\/\/pocsikorsolya.hu\/","title":{"rendered":"Curriculum Vitae"},"content":{"rendered":"\n<figure class=\"wp-block-table is-style-stripes\"><table><tbody><tr><td class=\"has-text-align-right\" data-align=\"right\"><\/td><td><strong>Tanulm\u00e1nyok:<\/strong><\/td><\/tr><tr><td class=\"has-text-align-right\" data-align=\"right\"><strong>PhD<\/strong><\/td><td>Region\u00e1lis Tudom\u00e1nyok, 2018.09.-, Szent Istv\u00e1n Egyetem, G\u00f6d\u00f6ll\u0151, Gazdas\u00e1g- \u00e9s Region\u00e1lis Tudom\u00e1nyok Doktori Iskola, \u00e1llami \u00f6szt\u00f6nd\u00edjas<\/td><\/tr><tr><td class=\"has-text-align-right\" data-align=\"right\"><\/td><td><\/td><\/tr><tr><td class=\"has-text-align-right\" data-align=\"right\"><strong>MSC<\/strong><\/td><td>Okleveles K\u00f6zgazd\u00e1sztan\u00e1r, 2016.09- 2017.06. Budapesti Gazdas\u00e1gi Egyetem, Budapest, \u00e1llami \u00f6szt\u00f6nd\u00edjas<\/td><\/tr><tr><td class=\"has-text-align-right\" data-align=\"right\"><\/td><td><\/td><\/tr><tr><td class=\"has-text-align-right\" data-align=\"right\"><strong>MA<\/strong><\/td><td>Okleveles Pedag\u00f3giatan\u00e1r, 2011. 09.-2013.06. Debreceni Egyetem, Debrecen<\/td><\/tr><tr><td class=\"has-text-align-right\" data-align=\"right\"><\/td><td><\/td><\/tr><tr><td class=\"has-text-align-right\" data-align=\"right\"><strong>MBA<\/strong><\/td><td>Master of Business Administration Manager, 2003.09-2007.06. (Angol- Magyar nyelv\u0171 k\u00e9pz\u00e9s)<\/td><\/tr><tr><td class=\"has-text-align-right\" data-align=\"right\"><\/td><td><\/td><\/tr><tr><td class=\"has-text-align-right\" data-align=\"right\"><strong>BA<\/strong><\/td><td>Tan\u00edt\u00f3- angol nyelv \u00e9s irodalom m\u0171velts\u00e9gter\u00fcletes tan\u00e1r, 1998.09.-2002.06., \u00e1llami \u00f6szt\u00f6nd\u00edjas<\/td><\/tr><tr><td class=\"has-text-align-right\" data-align=\"right\"><\/td><td><\/td><\/tr><tr><td class=\"has-text-align-right\" data-align=\"right\"><\/td><td><strong>Nyelv:<\/strong><\/td><\/tr><tr><td class=\"has-text-align-right\" data-align=\"right\"><strong>Angol:<\/strong><\/td><td>C1 fels\u0151szint<\/td><\/tr><tr><td class=\"has-text-align-right\" data-align=\"right\"><strong>N\u00e9met:<\/strong><\/td><td>B2 k\u00f6z\u00e9pszint, szakmai nyelv: A2 alapszint<\/td><\/tr><tr><td class=\"has-text-align-right\" data-align=\"right\"><strong>Spanyol:<\/strong><\/td><td>A2 alapszint<\/td><\/tr><tr><td class=\"has-text-align-right\" data-align=\"right\"><strong>Magyar<\/strong><\/td><td>Anyanyelv<\/td><\/tr><tr><td class=\"has-text-align-right\" data-align=\"right\"><\/td><td><strong>Kutat\u00e1s:<\/strong><\/td><\/tr><tr><td class=\"has-text-align-right\" data-align=\"right\"><\/td><td>K\u00fclf\u00f6ldi t\u0151kemozg\u00e1s, eur\u00f3 bevezet\u00e9s, makrogazdas\u00e1gi elemz\u00e9sek<\/td><\/tr><tr><td class=\"has-text-align-right\" data-align=\"right\"><strong>T\u00e9mak\u00f6r:<\/strong><\/td><td>Gazdas\u00e1gi \u00e9s t\u00e1rsadalmi t\u00e9nyez\u0151k, region\u00e1lis folyamat vizsg\u00e1lata a makrogazdas\u00e1gban (k\u00fcl\u00f6n\u00f6sen Eur\u00f3p\u00e1ra, azon bel\u00fcl a visegr\u00e1di csoportra \u00f6sszpontos\u00edtva)<br><br>Region\u00e1lis p\u00e9nz\u00fcgyek, k\u00fclf\u00f6ldi m\u0171k\u00f6d\u0151t\u0151ke beruh\u00e1z\u00e1sok, globaliz\u00e1ci\u00f3s p\u00e9nz\u00fcgyek \u00e9s region\u00e1lis nevel\u00e9studom\u00e1ny<\/td><\/tr><tr><td class=\"has-text-align-right\" data-align=\"right\"><\/td><td><strong>Tapasztalat:<\/strong><\/td><\/tr><tr><td class=\"has-text-align-right\" data-align=\"right\"><\/td><td>11 \u00e9v k\u00f6z\u00e9piskolai oktat\u00e1si tapasztalat \u00e9s folyamatban l\u00e9v\u0151 PhD tanulm\u00e1ny<\/td><\/tr><tr><td class=\"has-text-align-right\" data-align=\"right\"><\/td><td><strong>Publik\u00e1ci\u00f3k:<\/strong><\/td><\/tr><tr><td class=\"has-text-align-right\" data-align=\"right\"><\/td><td>A \u201e<a href=\"http:\/\/pocsikorsolya.hu\/index.php\/publikaciok\/\">Publik\u00e1ci\u00f3k<\/a>\u201d men\u00fcpont alatt<\/td><\/tr><tr><td class=\"has-text-align-right\" data-align=\"right\"><\/td><td><strong>Tudom\u00e1nyos d\u00edjak, \u00f6szt\u00f6nd\u00edjak:<\/strong><\/td><\/tr><tr><td class=\"has-text-align-right\" data-align=\"right\"><\/td><td><strong>\u00daNKP (\u00daj Nemzeti Kiv\u00e1l\u00f3s\u00e1g Program): <\/strong>\u00d6szt\u00f6nd\u00edj program<br>Az \u00daNKP olyan \u2013 alap-, mester- vagy doktori k\u00e9pz\u00e9sben tanul\u00f3 \u2013 hallgat\u00f3kat, doktorjel\u00f6lteket, valamint fiatal oktat\u00f3kat, kutat\u00f3kat t\u00e1mogat, akik a programban r\u00e9szt vev\u0151 fels\u0151oktat\u00e1si int\u00e9zm\u00e9nyben eredm\u00e9nyes kutat\u00e1si \u00e9s alkot\u00f3i tev\u00e9kenys\u00e9get folytatnak.<br>Elnyert t\u00e1mogat\u00e1si id\u0151: 12 h\u00f3nap (2020.09.01.-2021.08.31.)<\/td><\/tr><tr><td class=\"has-text-align-right\" data-align=\"right\"><\/td><td><strong>Elismer\u0151 oklevelek:<\/strong><\/td><\/tr><tr><td class=\"has-text-align-right\" data-align=\"right\"><\/td><td>\u201eThe Safe and Secured Rural Areas, as the Fundament of The Functionable State\u201d nemzetk\u00f6zi konferencia magas sz\u00ednvonal\u00fa programszervez\u0151i tev\u00e9kenys\u00e9g\u00e9\u00e9rt. -2018. szept., Szent Istv\u00e1n Egyetem, G\u00f6d\u00f6ll\u0151<br><br>\u201eMagyar Tudom\u00e1ny \u00dcnnepe- 2019\u201d rendezv\u00e9nysorozat keret\u00e9ben a Szent Istv\u00e1n Egyetem Gazdas\u00e1g- \u00e9s T\u00e1rsadalomtudom\u00e1nyi Kar \u00e1ltal 2019. november 4-30. k\u00f6z\u00f6tt rendezett tudom\u00e1nyos szakmai konferencia magas sz\u00ednvonal\u00fa szervez\u00e9s\u00e9nek elismer\u00e9s\u00e9\u00fcl.<br><br>A XXXIV. Orsz\u00e1gos Tudom\u00e1nyos Di\u00e1kk\u00f6ri Konferencia (OTDK) T\u00e1rsadalomtudom\u00e1nyi szekci\u00f3j\u00e1ban v\u00e9gzett tiszteletet \u00e9rdeml\u0151 szervez\u0151 munk\u00e1j\u00e1\u00e9rt.<br><br>Certificate of Attendence: For Participatin actively in the International Conference entitled 5th Winter Conference of Economics PhD students and Researchers. The conference was held at Szent Istvan University in G\u00f6d\u00f6ll\u0151, Hungary on 22nd February 2019 organized by the Association of Hungarian Phd and DLA Students (DOSZ), Section of Economics in cooperation with Szent Istv\u00e1n University.<br><br>Certificate of Attendence: For Participatin actively in the International Conference entitled 6th Winter Conference of Economics PhD students and Researchers. The conference was held at Szent Istvan University in G\u00f6d\u00f6ll\u0151, Hungary on 28th February 2020 organized by the Association of Hungarian Phd and DLA Students (DOSZ), Section of Economics in cooperation with Szent Istv\u00e1n University.<\/td><\/tr><tr><td class=\"has-text-align-right\" data-align=\"right\"><\/td><td><strong>Egy\u00e9b tev\u00e9kenys\u00e9gek, tags\u00e1gok:<\/strong><\/td><\/tr><tr><td class=\"has-text-align-right\" data-align=\"right\"><\/td><td><\/td><\/tr><tr><td class=\"has-text-align-right\" data-align=\"right\">Magyar Pedag\u00f3giai T\u00e1rsas\u00e1g:<\/td><td>fel\u00fcgyel\u0151 bizotts\u00e1g, \u00e1lland\u00f3 megh\u00edvott<\/td><\/tr><tr><td class=\"has-text-align-right\" data-align=\"right\">Doktoranduszok Orsz\u00e1gos sz\u00f6vets\u00e9ge- K\u00f6zgazdas\u00e1gtudom\u00e1nyi szakoszt\u00e1ly<\/td><td>tiszts\u00e9gvisel\u0151 az eln\u00f6ks\u00e9gben<\/td><\/tr><tr><td class=\"has-text-align-right\" data-align=\"right\">Magyar K\u00f6zgazdas\u00e1gi T\u00e1rsas\u00e1g<\/td><td>tag<\/td><\/tr><tr><td class=\"has-text-align-right\" data-align=\"right\">HERA<\/td><td>tag<\/td><\/tr><\/tbody><\/table><\/figure>\n","protected":false},"excerpt":{"rendered":"<p>Tanulm\u00e1nyok: PhD Region\u00e1lis Tudom\u00e1nyok, 2018.09.-, Szent Istv\u00e1n Egyetem, G\u00f6d\u00f6ll\u0151, Gazdas\u00e1g- \u00e9s Region\u00e1lis Tudom\u00e1nyok Doktori Iskola, \u00e1llami \u00f6szt\u00f6nd\u00edjas MSC Okleveles K\u00f6zgazd\u00e1sztan\u00e1r, 2016.09- 2017.06. Budapesti Gazdas\u00e1gi Egyetem, Budapest, \u00e1llami \u00f6szt\u00f6nd\u00edjas MA Okleveles Pedag\u00f3giatan\u00e1r, 2011. 09.-2013.06. Debreceni Egyetem, Debrecen MBA Master of Business Administration Manager, 2003.09-2007.06. (Angol- Magyar nyelv\u0171 k\u00e9pz\u00e9s) BA Tan\u00edt\u00f3- angol nyelv \u00e9s irodalom m\u0171velts\u00e9gter\u00fcletes tan\u00e1r,&#8230;<\/p>\n","protected":false},"author":1,"featured_media":0,"parent":0,"menu_order":0,"comment_status":"closed","ping_status":"closed","template":"","meta":[],"_links":{"self":[{"href":"http:\/\/pocsikorsolya.hu\/index.php\/wp-json\/wp\/v2\/pages\/14"}],"collection":[{"href":"http:\/\/pocsikorsolya.hu\/index.php\/wp-json\/wp\/v2\/pages"}],"about":[{"href":"http:\/\/pocsikorsolya.hu\/index.php\/wp-json\/wp\/v2\/types\/page"}],"author":[{"embeddable":true,"href":"http:\/\/pocsikorsolya.hu\/index.php\/wp-json\/wp\/v2\/users\/1"}],"replies":[{"embeddable":true,"href":"http:\/\/pocsikorsolya.hu\/index.php\/wp-json\/wp\/v2\/comments?post=14"}],"version-history":[{"count":21,"href":"http:\/\/pocsikorsolya.hu\/index.php\/wp-json\/wp\/v2\/pages\/14\/revisions"}],"predecessor-version":[{"id":100,"href":"http:\/\/pocsikorsolya.hu\/index.php\/wp-json\/wp\/v2\/pages\/14\/revisions\/100"}],"wp:attachment":[{"href":"http:\/\/pocsikorsolya.hu\/index.php\/wp-json\/wp\/v2\/media?parent=14"}],"curies":[{"name":"wp","href":"https:\/\/api.w.org\/{rel}","templated":true}]}}